er when x is divided by 32.
28
Let m(q) = q + 7. Suppose -4*l + 25 = -i, -2*i = -3*i - 4*l + 7. Let w be m(i). What is the remainder when 90 is divided by (23/w)/((-11)/22)?
21
Suppose 3*w + o + 2 = 0, -2*w - 4*o + 9*o = -10. Suppose w = 14*m + 2*m - 2032. What is the remainder when m is divided by 16?
15
Let y = -512 + 939. Calculate the remainder when y is divided by 15.
7
Suppose 8*f = -3*v + 4*f + 5, 0 = -3*f - 12. Suppose 14 = 2*a + 4*w, -1 = 3*w - v. Suppose 4 = -a*l + 97. What is the remainder when l is divided by 16?
15
Suppose -5*f + 2*o + 4 = 0, 5*f + o + o = -4. Let k be 2 + f - (-72)/(-6). Calculate the remainder when 9 is divided by (k/4)/(6/(-12)).
4
Suppose -12 = 4*g - 2*g. Let d(q) = q**2 - 5*q - 10. Calculate the remainder when d(g) is divided by 23.
10
Let g = 25 + -23. Suppose -g*a + 239 = 5*n, 505 = -a + 5*a + n. What is the remainder when a is divided by 26?
23
Let q be (-36)/(4*-1) + 1 + -1. Suppose 485 + 136 = q*s. Let h = -36 + 60. What is the remainder when s is divided by h?
21
Suppose 288 = 4*j - j. Let c = -51 + j. Suppose 0 = m - f - c, 4*m - 2*f - 177 = -f. What is the remainder when m is divided by 23?
21
Suppose 0 = 34*q - 28*q - 468. What is the remainder when q is divided by 16?
14
Suppose n - 2*v - 19 = 0, -3*n + 7*n + 3*v = 120. What is the remainder when 53 is divided by n?
26
Suppose 3 - 3 = -9*z. Suppose z = -c + 8*c - 280. Calculate the remainder when 116 is divided by c.
36
Suppose 1120 = 25*c + 15*c. What is the remainder when 614 is divided by c?
26
Suppose 127 = 5*p + y + 3*y, -y = -4*p + 110. Suppose 5*b + 15 = 0, p = 5*z - 2*z - b. Suppose 5*n = 3*n + 62. Calculate the remainder when n is divided by z.
7
Suppose -5*d = 93*d - 98. Suppose -4*t = -4*m + 8, 2*m + 8 = 6*m + 2*t. What is the remainder when m is divided by d?
0
Let y = 776 - 657. Calculate the remainder when y is divided by 26.
15
Suppose -a - 2*a + 2*t - 17 = 0, 0 = 5*a + t + 50. Let c = -17 - -84. What is the remainder when c is divided by (-7 - a) + (-33)/(-1)?
32
Let z be (-10)/(-2 + -1 + 4). Suppose b - 19 + 8 = 0. Let q = z + b. Calculate the remainder when 2 is divided by q.
0
What is the remainder when 3*(1854/27 + -3) is divided by 9?
8
Suppose -8 = -2*k - 0*k, 0 = 3*d + 3*k + 15. Let w(j) = -j**2 - 13*j - 25. Calculate the remainder when 41 is divided by w(d).
8
Let s = -1080 - -1226. What is the remainder when s is divided by 74?
72
Suppose 0 = 5*a + 5, 2*a - 2 = 4*x + 4. Let c = -20 - -71. Calculate the remainder when c is divided by (0 - x)/(4/26).
12
Let c(y) = -54*y - 130. Calculate the remainder when c(-10) is divided by 23.
19
Let z be (-6)/(-27) + (-64)/(-36). Let k(j) = -2*j - 29 + j**z - j + 22. Calculate the remainder when 32 is divided by k(6).
10
Let q(s) = 2*s**2 + 5*s + 3. Suppose 0*x = 4*x + 12. Calculate the remainder when q(x) is divided by 2.
0
Calculate the remainder when 25*(399/245 - 9/21) is divided by 6.
0
Let v = -18 - -22. Suppose -2*k + 4 = v*u, -5*k = -2*u - 18 - 28. Calculate the remainder when 58 is divided by 2/k - 295/(-20).
13
Suppose 2*a + i - 29 = 42, 5*a - 3*i = 161. Let z = a - 18. Let y(m) = m**3 + 16*m**2 + 11*m - 15. Calculate the remainder when y(-15) is divided by z.
13
Let h be 0 + (-1524)/(-15) + (-15)/25. Suppose 2*b - h = -5*j, -3*b + 3*j + 56 = -2*b. What is the remainder when b is divided by 14?
11
Suppose -7*z + 168 = -4*z. Suppose 68 = 4*n - z. What is the remainder when n is divided by 17?
14
Let n(k) = -k**2 + 26*k - 69. Calculate the remainder when 116 is divided by n(5).
8
Let l be (-4)/(-14) - 78/(-21). Suppose 4 = 7*q - 8*q - f, 3 = -3*f. What is the remainder when q - (-25 - 4/l) is divided by 12?
11
Let n = 253 + -163. Calculate the remainder when n is divided by 25.
15
What is the remainder when 2*-5*(-11 + 8)*2 is divided by 3?
0
Let x = 164 + -44. Suppose -2*o + 382 = h + 138, 0 = o + h - x. What is the remainder when o is divided by 25?
24
Suppose 5*f + 1045 = 210. Let n = f - -234. Suppose -4*k + 3*k = -35. Calculate the remainder when n is divided by k.
32
Let s = -2 - -4. Suppose 4*q = 2*q + s. What is the remainder when q + 43 - (-2 + 6) is divided by 14?
12
Let l = -17 - -45. Let r(d) = -9*d + 46. Let s be r(5). What is the remainder when l is divided by (0 - s) + (3 - -14)*1?
12
Suppose -5*o = r - 11, 2*o - 5*o = -6. What is the remainder when 139 is divided by 32 - r - (-11 - (0 - 7))?
34
Suppose 113*j - 111*j + 5*s - 24 = 0, 3*j - 47 = -2*s. Suppose -4*x = -16, 2*x - 24 = -2*v + 6. What is the remainder when j is divided by v?
6
Let p(k) = k + 29. Let u be p(0). Let w = u + -24. Suppose 3*q + 5*c = -0*q + 2, -6 = q + w*c. Calculate the remainder when 6 is divided by q.
2
Let r(x) = -2*x**2 + 83*x - 104. Calculate the remainder when 39 is divided by r(40).
7
Let g = -57 + 63. Let b(l) = -l**3 + 6*l**2 + 4*l - 1. What is the remainder when 64 is divided by b(g)?
18
Suppose 0 = 2*m - 4*g - 54, -5*g = 7*m - 2*m - 60. What is the remainder when 152 is divided by m?
16
Let t = -11 + 24. Let c(q) = -q**2 + 6*q - 3. Let i be c(5). Suppose i*v - f - 97 = 4*f, 2*v + f - 67 = 0. Calculate the remainder when v is divided by t.
10
Suppose -18*u + 139 + 95 = 0. Let j(i) = 3*i**2 - 3*i + 4. Calculate the remainder when j(5) is divided by u.
12
Let q(p) = -3*p - 6. Let w be q(2). Calculate the remainder when 4/(-6) + (-164)/w is divided by 4.
1
Let j(k) = -k**2 + 9*k + 29. Let f be j(11). Suppose f*h - 91 = 7. What is the remainder when 68 is divided by h?
12
Let u be 63/(-12) + 2/8. Let p(b) = 3*b + 9. Calculate the remainder when p(0) is divided by -2 - (u + 0 - 1).
1
Let f be (-2)/((-8)/12) + -2. Let p be ((-42)/(-5))/(f/5). Suppose -3*a - p = -3*w, 3*w + 0*a = -4*a + 21. Calculate the remainder when 53 is divided by w.
9
Suppose h + h = 4, 3*u - 5*h = 53. Suppose 2*q + 2*c = -8, -c + 23 = -0*q - 2*q. Let t = u + q. What is the remainder when 23 is divided by t?
11
What is the remainder when 116 is divided by (-6 + 3)*3*-3?
8
Let f be 0*(3 + (-28)/8). Suppose 0 = -3*x - 2*x + 20. Suppose f = -x*j + 87 - 23. Calculate the remainder when j is divided by 9.
7
Let g = 177 + 1. Calculate the remainder when g is divided by 30.
28
Let r(l) be the first derivative of -l**3/3 - 7*l**2/2 + 2*l + 1. Calculate the remainder when r(-6) is divided by 5.
3
Let i = -2665 - -2736. Calculate the remainder when i is divided by 35.
1
Let j = -1448 - -1991. What is the remainder when j is divided by 111?
99
Let n = -2332 - -4766. What is the remainder when n is divided by 116?
114
Let w(n) = -4*n**3 - 5 + 3*n**3 + 0*n**3 + 10*n - 10*n**2. What is the remainder when 22 is divided by w(-11)?
4
Let h = -57 + 82. Suppose 0 = -c + h - 0. Calculate the remainder when 42 is divided by c.
17
Suppose 5*j + 30 - 140 = 0. Let f = -1319 + 1323. What is the remainder when j is divided by f?
2
Let q = 15 + -8. Suppose i - q = -2*r - r, 5*i - 3*r - 17 = 0. What is the remainder when 26 is divided by i?
2
Let r = 241 + -206. Calculate the remainder when 170 is divided by r.
30
Suppose 0 = -5*x + 4*l + 327, -4*x + 0*l + 246 = 2*l. Suppose 3*g = 2*f - 47, -5*g = -0*f - f + 41. What is the remainder when x is divided by f?
15
Let b(q) = -q**3 - 3*q**2 + 13*q + 11. Let t(n) = -n**2 - 9*n + 6. Calculate the remainder when b(-6) is divided by t(-8).
13
Let c(a) = -a**2 + 3*a + 3. Let k be 6/((3 + (-24)/9)*3). Suppose -2*j - 12 = -8, b + k = -5*j. Calculate the remainder when b is divided by c(3).
1
Let z = 13 - 12. Suppose 0 = 3*i - 7*i + 12. What is the remainder when i is divided by z?
0
Suppose 172 = 2*n + 2*n. Suppose 2*b - 21 = -3*o, 2*o = 6*o - 4*b - 8. Suppose 22 = o*q - n. Calculate the remainder when 37 is divided by q.
11
Let j be (-20)/(-6)*(1 - -11). Suppose j = 4*w - 148. Calculate the remainder when w is divided by 25.
22
Calculate the remainder when 409 is divided by 1/(-2) + 19074/204.
37
Suppose 0 = -t + u + 3 + 18, 5*t - 129 = -u. Suppose 3*s = 4*s + v + 1, 0 = 5*v + t. Suppose -35 = -y - 4*y. Calculate the remainder when y is divided by s.
3
Let s = -17 - -21. Suppose 4*a + 2*d = 6*d + 212, -s*a + 236 = 2*d. Calculate the remainder when a is divided by 16.
9
Let b be (-354)/(-12) + (-6)/4. Let x = -1 + b. Let u = x - 22. What is the remainder when 8 is divided by u?
3
Calculate the remainde